s divided by 570.
78
What is the remainder when 18034 is divided by 240?
34
Calculate the remainder when 843 is divided by 796.
47
What is the remainder when 1647093 is divided by 549030?
3
What is the remainder when 1792221 is divided by 392?
389
What is the remainder when 1040911 is divided by 95?
91
What is the remainder when 13394 is divided by 123?
110
Calculate the remainder when 395 is divided by 63.
17
What is the remainder when 52370 is divided by 260?
110
What is the remainder when 30418 is divided by 30398?
20
Calculate the remainder when 8931 is divided by 157.
139
What is the remainder when 82805 is divided by 167?
140
What is the remainder when 26345 is divided by 61?
54
Calculate the remainder when 55186 is divided by 11.
10
What is the remainder when 20192 is divided by 36?
32
Calculate the remainder when 44639 is divided by 44533.
106
Calculate the remainder when 4223 is divided by 13.
11
Calculate the remainder when 104949 is divided by 22.
9
What is the remainder when 17763 is divided by 8877?
9
Calculate the remainder when 2388 is divided by 10.
8
What is the remainder when 817475 is divided by 121?
120
What is the remainder when 27356 is divided by 145?
96
What is the remainder when 90731 is divided by 11338?
27
What is the remainder when 8397 is divided by 227?
225
What is the remainder when 425120 is divided by 139?
58
Calculate the remainder when 14919 is divided by 4923.
150
What is the remainder when 4533 is divided by 567?
564
Calculate the remainder when 358127 is divided by 829.
828
What is the remainder when 6888 is divided by 137?
38
What is the remainder when 13787 is divided by 4555?
122
What is the remainder when 27814 is divided by 2529?
2524
Calculate the remainder when 1791 is divided by 72.
63
What is the remainder when 6885 is divided by 311?
43
Calculate the remainder when 10506 is divided by 432.
138
What is the remainder when 15899 is divided by 1990?
1969
What is the remainder when 67881 is divided by 371?
359
Calculate the remainder when 1393535 is divided by 128.
127
Calculate the remainder when 74322 is divided by 27.
18
Calculate the remainder when 1789 is divided by 761.
267
Calculate the remainder when 120221 is divided by 8011.
56
Calculate the remainder when 54530 is divided by 178.
62
Calculate the remainder when 5430 is divided by 5314.
116
Calculate the remainder when 9972 is divided by 66.
6
Calculate the remainder when 184436 is divided by 1346.
34
What is the remainder when 1148 is divided by 32?
28
What is the remainder when 1674 is divided by 15?
9
Calculate the remainder when 182981 is divided by 51.
44
Calculate the remainder when 580059 is divided by 145011.
15
Calculate the remainder when 31182 is divided by 312.
294
Calculate the remainder when 140169 is divided by 23354.
45
Calculate the remainder when 403700 is divided by 4.
0
Calculate the remainder when 25462 is divided by 37.
6
What is the remainder when 9029 is divided by 35?
34
What is the remainder when 518 is divided by 306?
212
What is the remainder when 40433 is divided by 82?
7
Calculate the remainder when 1661338 is divided by 12.
10
Calculate the remainder when 1888 is divided by 112.
96
What is the remainder when 116740 is divided by 6?
4
Calculate the remainder when 113758 is divided by 395.
393
What is the remainder when 129866 is divided by 65?
61
What is the remainder when 392739 is divided by 741?
9
What is the remainder when 18029 is divided by 5790?
659
What is the remainder when 32156 is divided by 8?
4
Calculate the remainder when 552396 is divided by 14.
12
What is the remainder when 51479 is divided by 88?
87
What is the remainder when 2119 is divided by 976?
167
What is the remainder when 2892 is divided by 1388?
116
What is the remainder when 16266 is divided by 158?
150
What is the remainder when 10586 is divided by 5281?
24
What is the remainder when 136750 is divided by 308?
306
Calculate the remainder when 131084 is divided by 15.
14
Calculate the remainder when 21006 is divided by 319.
271
Calculate the remainder when 37913 is divided by 99.
95
What is the remainder when 47280 is divided by 61?
5
What is the remainder when 180 is divided by 8?
4
Calculate the remainder when 24694 is divided by 506.
406
What is the remainder when 4585 is divided by 184?
169
What is the remainder when 19334 is divided by 9621?
92
What is the remainder when 1176 is divided by 385?
21
Calculate the remainder when 6241 is divided by 72.
49
Calculate the remainder when 588922 is divided by 252.
250
What is the remainder when 6991 is divided by 121?
94
Calculate the remainder when 15250 is divided by 4990.
280
What is the remainder when 219507 is divided by 27?
24
What is the remainder when 8723 is divided by 2899?
26
What is the remainder when 1305 is divided by 187?
183
What is the remainder when 2430 is divided by 19?
17
What is the remainder when 2527 is divided by 842?
1
Calculate the remainder when 269109 is divided by 2469.
2457
What is the remainder when 36263 is divided by 157?
153
What is the remainder when 6348 is divided by 454?
446
Calculate the remainder when 27468 is divided by 3922.
14
What is the remainder when 88982 is divided by 227?
225
What is the remainder when 11133 is divided by 179?
35
What is the remainder when 738 is divided by 75?
63
What is the remainder when 829 is divided by 596?
233
What is the remainder when 1178 is divided by 314?
236
What is the remainder when 83033 is divided by 45?
8
What is the remainder when 63907 is divided by 18?
7
Calculate the remainder when 58712 is divided by 75.
62
What is the remainder when 97389 is divided by 24320?
109
Calculate the remainder when 84525 is divided by 48.
45
What is the remainder when 14847 is divided by 861?
210
Calculate the remainder when 3279293 is divided by 534.
533
What is the remainder when 2060 is divided by 260?
240
What is the remainder when 9535 is divided by 502?
499
Calculate the remainder when 898 is divided by 430.
38
What is the remainder when 5025461 is divided by 247?
246
What is the remainder when 3412 is divided by 98?
80
Calculate the remainder when 13486 is divided by 1823.
725
Calculate the remainder when 4863010 is divided by 231.
229
Calculate the remainder when 6419 is divided by 246.
23
What is the remainder when 166042 is divided by 82959?
124
What is the remainder when 268 is divided by 36?
16
Calculate the remainder when 31822 is divided by 117.
115
What is the remainder when 8487751 is divided by 22?
19
Calculate the remainder when 1662 is divided by 896.
766
Calculate the remainder when 5421 is divided by 772.
17
Calculate the remainder when 29568 is divided by 3282.
30
Calculate the remainder when 19121 is divided by 74.
29
What is the remainder when 1599 is divided by 49?
31
What is the remainder when 85894 is divided by 89?
9
Calculate the remainder when 2974 is divided by 422.
20
Calculate the remainder when 11203 is divided by 11192.
11
What is the remainder when 865273 is divided by 80?
73
What is the remainder when 39316 is divided by 322?
32
What is the remainder when 18100 is divided by 71?
66
Calculate the remainder when 12814 is divided by 344.
86
What is the remainder when 455527 is divided by 1122?
1117
What is the remainder when 20130 is divided by 125?
5
Calculate the remainder when 180722 is divided by 281.
39
Calculate the remainder when 8235 is divided by 334.
219
Calculate the remainder when 336065 is divided by 77.
37
Calculate the remainder when 3942 is divided by 67.
56
Calculate the remainder when 304951 is divided by 37.
34
Calculate the remainder when 137845 is divided by 419.
413
Calculate the remainder when 40589 is divided by 86.
83
What is the remainder when 3418 is divided by 704?
602
What is the remainder when 95164 is divided by 64?
60
What is the remainder when 37655 is divided by 231?
2
Calculate the remainder when 74954 is divided by 15.
14
What is the remainder when 51410 is divided by 10?
0
Calculate the remainder when 3297 is divided by 68.
33
Calculate the remainder when 243287 is divided by 31.
30
Calculate the remainder when 34292 is divided by 6855.
17
What is the remainder when 44993 is divided by 6422?
39
What is the remainder when 9028 is divided by 646?
630
W